x = 66 - 59. Suppose 0*c - 2*f = -c - x, -f + 6 = -3*c. Let l(g) = -11*g**3 - 3*g**2 - 2*g. What is the remainder when 28 is divided by l(c)?
8
Let s(v) = v**2 + 6. Let k = -51 + 12. Let u = k + 36. Calculate the remainder when 59 is divided by s(u).
14
Let t be 6/4 - 9/6*-239. Let k be 2 + (t/(-4))/(-5). Suppose 3*q - 53 = -k. Calculate the remainder when 119 is divided by q.
9
Suppose 0 = -3*y + 30*y - 54. Suppose -y*k = -3*x - 4 - 63, -4*k = 3*x - 161. Calculate the remainder when k is divided by 5.
3
Let k(a) = 4*a**2 - 2*a + 2. Calculate the remainder when 1111 is divided by k(12).
3
Let x(y) = -y**3 + 2*y**2 + 4*y. Suppose 29*t = 3*t + 17160. Let f = t - 659. Calculate the remainder when x(3) is divided by f.
0
Let s(w) = 4*w**3 + w**2 + w - 1. Let u be (-3)/4 + (-304)/(-64). What is the remainder when (-36)/9*(-10)/u is divided by s(1)?
0
Suppose -4*y - 3*d + 96 = 0, 2*y = -2*d + 49 - 1. What is the remainder when (10/14)/((-66475)/3325 - -20) is divided by y?
23
Suppose 76*j - 2*b - 1459 = 67*j, 2*b = -j + 171. What is the remainder when j is divided by 41?
40
Suppose 4*r = -k + 31, -370*k + 292 = -366*k - 5*r. Calculate the remainder when 1444 is divided by k.
58
Let x(y) = 12*y**3 + 8*y**2 + 3*y + 1. Let q be x(-1). Let g be 3 - (-1 + 4 - -1). Calculate the remainder when 18 is divided by 15*((-8)/q + g).
3
Suppose 6 = -3*v + 7*p - 10*p, -3*v - p = -4. Suppose -v*m + 40 = 4*s - 76, -s + 3*m + 14 = 0. What is the remainder when 648 is divided by s?
24
Let v = -23 + 89. Let g = -31 + v. Suppose 0*z - z = -g. What is the remainder when z is divided by 13?
9
Let a(i) = -i**3 - 7*i**2 + 29*i + 59. Let n be a(-10). Suppose -n*s + 58*s = -616. Calculate the remainder when s is divided by 20.
16
Let c be (-945)/(-90)*(1*-4)/(-2). Let z(k) = -k**3 + 21*k**2 + 3*k - 52. What is the remainder when 184 is divided by z(c)?
8
What is the remainder when 566/2 - ((29 - 22) + 1) is divided by 269?
6
Let k(f) = 5*f + 32. Let s be k(-6). Suppose 4*u - s*u + 124 = 0. Let m = u - -64. Calculate the remainder when 6 is divided by m.
0
Calculate the remainder when 1457 is divided by -3*(-1 + (-2)/6).
1
Let d(f) = -f**3 - 27*f**2 - 78*f + 239. What is the remainder when d(-26) is divided by 786?
19
Suppose -44 = -2*g - 2*v, v - 4*v + 43 = 2*g. Calculate the remainder when -999*(-10)/30 + 150/15 is divided by g.
21
Suppose z - 34 = -z. Let n = 13614 + -13583. What is the remainder when n is divided by z?
14
Suppose 17*i - 7499 + 36 = 0. Calculate the remainder when i is divided by 74.
69
Suppose 4*z + z + k - 623 = 0, 2*z = 2*k + 254. What is the remainder when z is divided by (21 - -1) + (3/1)/(-3)?
20
Let q be (-84)/(-24)*40/14. Calculate the remainder when 798 is divided by q/(-8)*-4 - 450/(-6).
78
Let q = 62 - -10. Let f = 77 - q. Suppose 2*z + 2*n = -0*n + 46, 4*z - 2*n - 92 = 0. What is the remainder when z is divided by f?
3
Let t(f) = f**3 + 35*f**2 + 37*f + 58. Let u be t(-34). What is the remainder when 39 is divided by 93*(-2)/(-45) - u/(-330)?
3
What is the remainder when 420 is divided by (-11 + 5 - -7)*(11 - -6)?
12
Let c(z) = -z + 10. Let q be c(12). Let g be 97/9 + q/(-9) + -2. Let p = g - -15. Calculate the remainder when p is divided by 7.
3
Let k(b) = -b**3 - 20*b**2 - 17*b + 41. Let f be k(-19). Suppose 32 - 140 = -f*m. Let d(u) = 5*u - 7. What is the remainder when m is divided by d(3)?
4
What is the remainder when 952/119 + -1*(-543 + 1) is divided by 133?
18
Let o(g) = -79*g**2 + 328*g + 19. What is the remainder when 2270 is divided by o(4)?
59
Let n = 143 + -78. Let y(o) be the third derivative of o**4/6 + 37*o**3/3 + 17*o**2 + 2. What is the remainder when n is divided by y(-10)?
31
Suppose -3 = 3*q + 3. Let j be (q/(-4))/((-4)/(-16)). Suppose 0 = -w - w - i + 122, -j*i = 4. Calculate the remainder when w is divided by 16.
14
Suppose 0 = -194*r + 197*r. Calculate the remainder when 26 - r - 4/((-8)/6) is divided by 17.
12
Let y = 371 - 243. Let w = 47 - 0. Suppose w = -o + 60. Calculate the remainder when y is divided by o.
11
Let u(h) = 2. Let j(c) = 9*c + 192. Let t(f) = j(f) - 4*u(f). Calculate the remainder when t(0) is divided by 58.
10
Let x(b) = 2*b**3 + 44*b**2 + 42*b + 25. Let u(o) = 5*o**2 - 26*o + 3. Let n be u(4). What is the remainder when 114 is divided by x(n)?
14
Suppose -5*z = -10, 0*b - 110 = b + z. Let n = 131 + b. Suppose 2*s + 2*s = r - 43, -4*r - 5*s + 88 = 0. Calculate the remainder when r is divided by n.
8
Let p(y) = 29*y**2 - 18*y + 7. Let j(s) = 38*s - 9. Calculate the remainder when p(4) is divided by j(2).
64
Suppose 36 = -4*f - 4*i, 0 = -5*f + i + 3*i. Suppose 19 = -5*k - 26. Let p = f - k. Calculate the remainder when 13 is divided by p.
3
Let f be 4 - (4216/(-28) - (-3)/(-7)). Let b = -141 + f. What is the remainder when b is divided by 5?
4
Suppose 100 = 8*w - 60. Let k = 258 - 161. Calculate the remainder when k is divided by w.
17
Let r(l) = 3*l**2 + 8*l + 6. Let v be r(-5). Suppose v*c = -3*c + 3212. Calculate the remainder when 218 is divided by c.
72
Let t = 435 - 430. Suppose 4*o - t*n = 118, 9*n - 5*n = -5*o + 127. Calculate the remainder when 139 is divided by o.
4
Suppose l - 5*l = i + 2, 4*i + 3*l - 18 = 0. Suppose i*o - 568 = -52. Calculate the remainder when o is divided by 15.
11
Suppose -2*x + 38 - 6 = n, 5*n + x - 178 = 0. What is the remainder when 134 is divided by n?
26
Let u be ((-1)/(-2))/(1/42). Let d = -2974 - -3012. Suppose k + u = -2*l + 3*l, d = 2*l - 4*k. Calculate the remainder when 65 is divided by l.
19
Suppose 4*d - 63 = -r, -28*r - 3*d = -33*r + 292. Calculate the remainder when 1651 is divided by r.
58
Let i(p) = 4*p**3 - 9*p**2 - 4*p + 24. Calculate the remainder when 356 is divided by i(4).
116
Let n(u) = 3*u**2 + 39*u - 1278. What is the remainder when n(22) is divided by 14?
10
What is the remainder when 18/3 - ((-221104)/13 + -14) is divided by 130?
128
Let m be 20/10*(-1 + 8). Suppose 0 = 3*h + m*h - 1156. Suppose 3*t = 5*z - 115, -2*z + 0*t - 5*t + 46 = 0. Calculate the remainder when h is divided by z.
22
Let t(w) = w. Let o(f) = -20*f**2 + 7*f + 4. Let x = -33 + 37. Let u(d) = x*t(d) - o(d). Calculate the remainder when 36 is divided by u(-1).
17
Let t = 145 - 61. What is the remainder when (9*14/36)/((-4)/(-184)) is divided by t?
77
Let u be (15/(-9))/(4/(-12)). Let a be 20/110 + 48/(-22). Calculate the remainder when ((-12)/u - a)*-80 is divided by 10.
2
Let n(o) = -o**3 + 9*o**2 - 2*o - 29. What is the remainder when 872 is divided by n(8)?
17
Let i = -88 - -99. Calculate the remainder when i is divided by 2/3*3*(3 + -1).
3
Let x be (10741/23)/(1 + -2). Let j = 481 + x. What is the remainder when 22 is divided by j?
8
Suppose -4*c + 182 = -3*b, c - 50 = b + 2*b. Calculate the remainder when c is divided by -12*7/(-672)*216.
17
Suppose -39*q + 1227 = -9*q - 1473. What is the remainder when 92 is divided by q?
2
Suppose 124*r - 3405 = 2116 + 307. What is the remainder when 1106 is divided by r?
25
Let b = 2355 - 2212. Calculate the remainder when 1572 is divided by b.
142
Let f(i) = i**2 + 34*i - 108. Let m be f(3). Suppose -5*q + 338 = -0*g - 3*g, -2*g - 203 = -m*q. What is the remainder when 401 is divided by q?
66
What is the remainder when 266 is divided by ((-7912)/774 + 2/9)*(-9)/2?
41
Let u = -378 + 381. Suppose -5*g + m + 578 = 0, 3*m - 2*m + u = 0. Calculate the remainder when g is divided by 9.
7
Let h(g) = -29*g**3 + 59*g**3 + 37*g**2 - 4*g - 95 - 4*g**2 - 29*g**3. What is the remainder when h(-33) is divided by 1?
0
Suppose 286 - 1483 = -21*t. Let s(u) = -22*u**3 - 2*u**2 + u - 1. Let q be s(-2). Suppose t*y + q = 62*y. What is the remainder when 63 is divided by y?
30
Calculate the remainder when 773 is divided by (4 - (-328)/16)/((-11)/(-88)).
185
Let d(a) = -a**3 - 17*a**2 - 22*a - 14. Let f be d(-16). Let l = -77 + f. Suppose -12 = -l*r + 4*r. Calculate the remainder when r is divided by 7.
5
Suppose 0 = 3*d - 15 - 0. Let o(n) = -2 + 5*n - 26*n + 17*n + d*n. Calculate the remainder when o(17) is divided by 10.
5
Let t(o) = -3*o**3 - 150*o**2 - 3*o + 149. Calculate the remainder when t(-50) is divided by 45.
29
Suppose 5*s = -3*o + 257, -3*s + 6*o - 3*o + 159 = 0. Suppose -615 = -6*n - 21. Suppose -57 = 3*w - n. Calculate the remainder whe